 is 269354 - -2?
269356
In base 13, what is -19 + -70?
-89
In base 12, what is -3 + 22752?
2274b
In base 10, what is 8 - 12795?
-12787
In base 7, what is 143250 - 24?
143223
In base 9, what is -106 - -75722?
75615
In base 2, what is 101010101100 + -101101?
101001111111
In base 5, what is 413 + -112?
301
In base 4, what is 3003120 - -22?
3003202
In base 10, what is 27632 + -5?
27627
In base 3, what is 20010221 + 2?
20011000
In base 6, what is -1 + -310455?
-310500
In base 12, what is 157 + 5114?
526b
In base 5, what is 1341333 - -431?
1342314
In base 10, what is 78378 + -12?
78366
In base 10, what is 1969279 - -3?
1969282
In base 9, what is 68 + -1740?
-1661
In base 14, what is 1c1b0 - -60?
1c230
In base 15, what is -10e2 + -109?
-11eb
In base 9, what is -2400 + 118?
-2271
In base 4, what is -32112 - -21?
-32031
In base 16, what is e5 - -201d?
2102
In base 7, what is 25 + -553?
-525
In base 11, what is -17 - -8654?
8638
In base 12, what is 184b - 0?
184b
In base 12, what is 4 - -5b94a?
5b952
In base 5, what is -3 + -233110043?
-233110101
In base 13, what is -a3b71 + -1?
-a3b72
In base 2, what is 0 - -10001101101001?
10001101101001
In base 16, what is -616c - -4?
-6168
In base 11, what is -2a + -120853?
-120882
In base 6, what is 220313032 + 0?
220313032
In base 16, what is 3 - -6491?
6494
In base 16, what is -cb7 - -93?
-c24
In base 8, what is -21565 + -133?
-21720
In base 10, what is 137490 + -1?
137489
In base 8, what is 14552 + -10?
14542
In base 4, what is 12320313 + 120?
12321033
In base 14, what is 3 - -d09a?
d09d
In base 5, what is -111232 + -21?
-111303
In base 16, what is 385c1 - -9?
385ca
In base 5, what is -1144 - 120243?
-121442
In base 6, what is -1 - -214435?
214434
In base 6, what is -3313 + -252?
-4005
In base 5, what is -13302124 + 3?
-13302121
In base 14, what is 132 - 419?
-2c7
In base 10, what is -300694 - -2?
-300692
In base 6, what is 10 - -544?
554
In base 8, what is -2 - -25075?
25073
In base 15, what is -270 - -ae?
-1b1
In base 2, what is 110100 - -111100101000?
111101011100
In base 4, what is 330231123 - 23?
330231100
In base 13, what is a + -ac80?
-ac73
In base 16, what is -125942 + -3?
-125945
In base 16, what is 3 + -169f?
-169c
In base 4, what is 22 - 1320?
-1232
In base 6, what is 32 + -20000?
-15524
In base 13, what is 244a1 + 0?
244a1
In base 9, what is 5 - 710807?
-710802
In base 10, what is -66406 - 11?
-66417
In base 14, what is -7d - 72?
-111
In base 8, what is -2 + 101205?
101203
In base 14, what is 3d8ac + -5?
3d8a7
In base 8, what is 65246 - -25?
65273
In base 8, what is -4 + -3505545?
-3505551
In base 13, what is 0 - 15245?
-15245
In base 7, what is 0 - -64436?
64436
In base 4, what is 3 - -10121132?
10121201
In base 13, what is 216 - -289?
4a2
In base 3, what is -1 - -1000212022122?
1000212022121
In base 6, what is 2 + 513451?
513453
In base 9, what is 2 + 126183?
126185
In base 10, what is 26578 + 4?
26582
In base 12, what is -23316 - -2?
-23314
In base 5, what is 3 + -13402440?
-13402432
In base 9, what is 686 - 3840?
-3143
In base 15, what is 5 - -1dd53?
1dd58
In base 10, what is -17005 + 2?
-17003
In base 3, what is 11220 + -1122?
10021
In base 16, what is -1be + -8a?
-248
In base 9, what is -4425 - 3?
-4428
In base 16, what is -32 + 6b3?
681
In base 6, what is -4 + -451420?
-451424
In base 2, what is -10000111 + 11000000010100?
10111110001101
In base 15, what is -7 + -59a2?
-59a9
In base 16, what is e - -5790?
579e
In base 4, what is 220 - 123012?
-122132
In base 10, what is -7466 + 1?
-7465
In base 3, what is 1021212 + 11021?
1110010
In base 3, what is 2221100102 + -2?
2221100100
In base 14, what is 86c2 - 1?
86c1
In base 12, what is 24 - -368?
390
In base 11, what is 0 + 12824?
12824
In base 9, what is 132 - 1226?
-1084
In base 16, what is 5c2ee + -b?
5c2e3
In base 15, what is -22b + -9a?
-2c6
In base 7, what is 0 + 261000?
261000
In base 13, what is -63c0 - 126?
-6516
In base 10, what is -11 - 279?
-290
In base 9, what is 111 + 7871?
8082
In base 3, what is -210 - -200222012?
200221102
In base 6, what is -35410050 + -3?
-35410053
In base 8, what is 0 - 4434137?
-4434137
In base 14, what is 7a46 - 1?
7a45
In base 14, what is -473188 + -1?
-473189
In base 16, what is 5 + -c4a?
-c45
In base 14, what is 1 + -5b94?
-5b93
In base 12, what is -1 + 1134?
1133
In base 3, what is 21121020200 + -22?
21121020101
In base 7, what is -34163 - 0?
-34163
In base 10, what is 41288 + -5?
41283
In base 13, what is 1 + -1390?
-138c
In base 10, what is -28 - -6915?
6887
In base 10, what is -5 + -54553?
-54558
In base 16, what is -23 + -2ae?
-2d1
In base 5, what is -21330 - 302?
-22132
In base 16, what is -66f0 + -2?
-66f2
In base 13, what is -4 - -611c?
6118
In base 13, what is 2 - 21a5?
-21a3
In base 15, what is -5 - -6cae?
6ca9
In base 16, what is -3 + 36ec9?
36ec6
In base 10, what is 40230 - 9?
40221
In base 9, what is 211 - -186?
407
In base 3, what is -2101100 - -112?
-2100211
In base 9, what is 28826 + 0?
28826
In base 16, what is -2 + -95df?
-95e1
In base 15, what is 9 - -36b4?
36bd
In base 16, what is 135c + 5?
1361
In base 9, what is 37 + 11058?
11106
In base 14, what is 3 + 261b8?
261bb
In base 6, what is 21 + -150022?
-150001
In base 5, what is -20 - 300302?
-300322
In base 14, what is 11904 + 3?
11907
In base 2, what is 10 + -101010010000110?
-101010010000100
In base 12, what is 6 + 11a60?
11a66
In base 13, what is -12 + -40747?
-40759
In base 13, what is 1414 - -2?
1416
In base 3, what is -1011112 + -10121111?
-11210000
In base 13, what is 2 - -71559?
7155b
In base 16, what is -1f - 550e?
-552d
In base 5, what is -1222 + 20023?
13301
In base 14, what is cc599 - 2?
cc597
In base 15, what is e + -7871?
-7862
In base 7, what is 1233612 + 1?
1233613
In base 5, what is -10 + -240142?
-240202
In base 12, what is a5 - -15294?
15379
In base 12, what is 2166a + -45?
21625
In base 16, what is -65a6 - 5?
-65ab
In base 11, what is 31013 - -4?
31017
In base 9, what is -142788 + -4?
-142803
In base 15, what is -186 - -9?
-17c
In base 7, what is 54 + 4024?
4111
In base 15, what is -184 + a0?
-d4
In base 15, what is -69 + -791?
-80a
In base 11, what is -5 - 2579?
-2583
In base 13, what is 5 - 1b94?
-1b8c
In base 16, what is -143 + -20e?
-351
In base 7, what is 166 - -5140?
5336
In base 13, what is 1 - -305?
306
In base 8, what is -2174 - 1064?
-3260
In base 10, what is -3 + -7315?
-7318
In base 15, what is -2 + 15146?
15144
In base 16, what is -1427 + -2?
-1429
In base 5, what is 23401 - -13?
23414
In base 8, what is -354 - -1577?
1223
In base 16, what is -1a + 1cc88?
1cc6e
In base 13, what is 1790 + 432?
1bc2
In base 15, what is 3b3 + 4?
3b7
In base 14, what is -1b - 2291?
-22ac
In base 8, what is -4663 - 327?
-5212
In base 6, what is 12 - 42040?
-42024
In base 3, what is 11111 - -20000112?
20012000
In base 3, what is 2 + 12220121?
12220200
In base 4, what is 1311 - -101?
2012
In base 14, what is 2 - 53ac8?
-53ac6
In base 12, what is 4505 + 1?
4506
In base 11, what is -5170 + 330?
-4940
In base 15, what is -13 - 4768?
-477b
In base 5, what is -243 - 3420?
-4213
In base 9, what is -642 - -5280?
4537
In base 15, what is -d9 - -6?
-d3
In base 14, what is -6c6 + -21?
-707
In base 4, what is 1310032 + 23?
1310121
In base 3, what is 12 + 222201000?
222201012
In base 6, what is 113421 + -111?
113310
In base 4, what is -10233 + 1322?
-2311
In base 7, what is 42 + -3456?
-3414
In base 2, what is -10 + 10101100111010111?
10101100111010101
In base 5, what is 2143102421 + -2?
2143102414
In base 8, what is -31407 - -204?
-31203
In base 15, what is 6e + 20b?
27a
In base 11, what is 4541 + 66?
45a7
In base 10, what is -34 + -98888?
-98922
In base 16, what is c6b - 4a?
c21
In base 12, what is 7124a - 33?
71217
In base 7, what is -66 + 44034?
43635
In base 13, what is -10 + bc1b?
bc0b
In base 11, what is 5 + 1846?
1850
In base 5, what is -4433140 + 120?
-4433020
In base 2, what is -1010010100111000 + 11?
-1010010100110101
In base 2, what is -1010110011011011001 + 110?
-1010110011011010011
In base 15, what is 0 - -6d74?
6d74
In base 3, what is 2010211 - 1010?
2002201
In base 9, what is 1 + -65861?
-65860
In base 11, what is 1a80 - 283?
17a8
In base 16, what is -f450 - 3?
-f453
In base 2, what is 11000001000111 + 110010?
11000001111